What is the tens digit of 91838?
3
What is the hundreds digit of 3392?
3
What is the units digit of 3753?
3
What is the thousands digit of 119897?
9
What is the hundreds digit of 509?
5
What is the thousands digit of 15497?
5
What is the hundreds digit of 1289?
2
What is the units digit of 99?
9
What is the hundreds digit of 2004?
0
What is the thousands digit of 2854?
2
What is the tens digit of 2518?
1
What is the hundreds digit of 879?
8
What is the hundreds digit of 109?
1
What is the units digit of 1758?
8
What is the tens digit of 4173?
7
What is the units digit of 3090?
0
What is the hundreds digit of 103957?
9
What is the thousands digit of 11421?
1
What is the thousands digit of 2185?
2
What is the thousands digit of 56879?
6
What is the hundreds digit of 14241?
2
What is the hundreds digit of 726?
7
What is the thousands digit of 12726?
2
What is the tens digit of 1118?
1
What is the hundreds digit of 3047?
0
What is the tens digit of 7391?
9
What is the hundreds digit of 3815?
8
What is the thousands digit of 2531?
2
What is the thousands digit of 2849?
2
What is the tens digit of 31659?
5
What is the thousands digit of 1850?
1
What is the tens digit of 3033?
3
What is the ten thousands digit of 54428?
5
What is the units digit of 35842?
2
What is the ten thousands digit of 56187?
5
What is the tens digit of 49763?
6
What is the units digit of 17330?
0
What is the thousands digit of 12806?
2
What is the thousands digit of 83208?
3
What is the tens digit of 928?
2
What is the ten thousands digit of 38932?
3
What is the ten thousands digit of 21552?
2
What is the units digit of 84706?
6
What is the thousands digit of 15865?
5
What is the thousands digit of 22898?
2
What is the hundreds digit of 977?
9
What is the hundreds digit of 443?
4
What is the hundreds digit of 3780?
7
What is the hundreds digit of 1501?
5
What is the units digit of 11090?
0
What is the thousands digit of 1606?
1
What is the tens digit of 1888?
8
What is the thousands digit of 2717?
2
What is the hundreds digit of 1325?
3
What is the hundreds digit of 33277?
2
What is the ten thousands digit of 18671?
1
What is the units digit of 828?
8
What is the hundreds digit of 1965?
9
What is the units digit of 1312?
2
What is the units digit of 2454?
4
What is the hundreds digit of 11546?
5
What is the thousands digit of 23796?
3
What is the tens digit of 58622?
2
What is the tens digit of 2696?
9
What is the tens digit of 51455?
5
What is the thousands digit of 35049?
5
What is the units digit of 12404?
4
What is the tens digit of 10818?
1
What is the units digit of 130785?
5
What is the tens digit of 5399?
9
What is the hundreds digit of 48790?
7
What is the hundred thousands digit of 131915?
1
What is the tens digit of 4914?
1
What is the hundreds digit of 2185?
1
What is the thousands digit of 1988?
1
What is the hundreds digit of 1051?
0
What is the thousands digit of 58187?
8
What is the ten thousands digit of 12159?
1
What is the tens digit of 642?
4
What is the hundreds digit of 2865?
8
What is the thousands digit of 14825?
4
What is the hundreds digit of 864?
8
What is the tens digit of 8085?
8
What is the units digit of 321?
1
What is the tens digit of 953?
5
What is the tens digit of 2228?
2
What is the tens digit of 56?
5
What is the tens digit of 719?
1
What is the hundreds digit of 75164?
1
What is the hundreds digit of 42976?
9
What is the hundreds digit of 26274?
2
What is the tens digit of 663?
6
What is the hundreds digit of 7424?
4
What is the thousands digit of 1931?
1
What is the hundreds digit of 993?
9
What is the units digit of 28182?
2
What is the hundreds digit of 643?
6
What is the hundreds digit of 1463?
4
What is the units digit of 2453?
3
What is the thousands digit of 156426?
6
What is the tens digit of 44179?
7
What is the tens digit of 10334?
3
What is the tens digit of 1729?
2
What is the hundreds digit of 922?
9
What is the units digit of 53083?
3
What is the hundreds digit of 51828?
8
What is the tens digit of 81412?
1
What is the thousands digit of 1015?
1
What is the tens digit of 431?
3
What is the hundreds digit of 166?
1
What is the hundreds digit of 1204?
2
What is the hundreds digit of 15595?
5
What is the units digit of 837?
7
What is the tens digit of 12207?
0
What is the thousands digit of 50126?
0
What is the thousands digit of 33452?
3
What is the thousands digit of 1968?
1
What is the units digit of 2180?
0
What is the units digit of 42515?
5
What is the hundreds digit of 2039?
0
What is the ten thousands digit of 52072?
5
What is the hundreds digit of 1627?
6
What is the tens digit of 9547?
4
What is the tens digit of 1267?
6
What is the units digit of 7705?
5
What is the hundreds digit of 36100?
1
What is the tens digit of 15026?
2
What is the units digit of 2289?
9
What is the hundreds digit of 4081?
0
What is the units digit of 637?
7
What is the units digit of 172?
2
What is the units digit of 15106?
6
What is the units digit of 180?
0
What is the tens digit of 4004?
0
What is the tens digit of 35396?
9
What is the ten thousands digit of 38180?
3
What is the tens digit of 87251?
5
What is the units digit of 1062?
2
What is the units digit of 926?
6
What is the ten thousands digit of 52136?
5
What is the ten thousands digit of 18478?
1
What is the hundreds digit of 1964?
9
What is the units digit of 7106?
6
What is the hundreds digit of 16478?
4
What is the hundreds digit of 3278?
2
What is the thousands digit of 52339?
2
What is the hundred thousands digit of 163764?
1
What is the thousands digit of 7164?
7
What is the tens digit of 2981?
8
What is the ten thousands digit of 103101?
0
What is the units digit of 46192?
2
What is the hundreds digit of 33669?
6
What is the hundreds digit of 495?
4
What is the tens digit of 665?
6
What is the thousands digit of 12246?
2
What is the hundreds digit of 1504?
5
What is the thousands digit of 13452?
3
What is the thousands digit of 3962?
3
What is the units digit of 622?
2
What is the tens digit of 1000?
0
What is the tens digit of 4368?
6
What is the tens digit of 4034?
3
What is the tens digit of 762?
6
What is the hundreds digit of 3649?
6
What is the tens digit of 1892?
9
What is the tens digit of 37?
3
What is the tens digit of 694?
9
What is the hundreds digit of 18789?
7
What is the tens digit of 863?
6
What is the units digit of 25090?
0
What is the ten thousands digit of 87162?
8
What is the tens digit of 433?
3
What is the hundreds digit of 398?
3
What is the ten thousands digit of 24276?
2
What is the tens digit of 33216?
1
What is the thousands digit of 61164?
1
What is the units digit of 722?
2
What is the tens digit of 1308?
0
What is the tens digit of 777?
7
What is the thousands digit of 16185?
6
What is the hundreds digit of 895?
8
What is the units digit of 4060?
0
What is the thousands digit of 6329?
6
What is the tens digit of 440?
4
What is the units digit of 27755?
5
What is the tens digit of 32?
3
What is the tens digit of 687?
8
What is the tens digit of 14834?
3
What is the units digit of 106841?
1
What is the units digit of 542?
2
What is the hundreds digit of 98306?
3
What is the hundreds digit of 14922?
9
What is the thousands digit of 13374?
3
What is the units digit of 6576?
6
What is the hundreds digit of 1392?
3
What is the hundreds digit of 94772?
7
What is the units digit of 19131?
1
What is the tens digit of 55832?
3
What is the hundreds digit of 1046?
0
What is the thousands digit of 2643?
2
What is the units digit of 574?
4
What is the tens digit of 39690?
9
What is the hundreds digit of 738?
7
What is the units digit of 540?
0
What is the tens digit of 3610?
1
What is the units digit of 4424?
4
What is the units digit of 1462?
2
What is the units digit of 328?
8
What is the tens digit of 65161?
6
What is the tens digit of 18998?
9
What is the units digit of 17538?
8
What is the tens digit of 1119?
1
What is the thousands digit of 3515?
3
What is the ten thousands digit of 43171?
4
What is the tens digit of 332?
3
What is the ten thousands digit of 116840?
1
What is the thousands digit of 73899?
3
What is the thousands digit of 8057?
8
What is the units digit of 4562?
2
What is the units digit of 1683?
3
What is the hundreds digit of 82